- 55*i + 8682. What is t(-81)?
15
Let b(y) = -2*y**2 + 51*y + 724. Give b(36).
-32
Let c(f) = -104*f + 1108. What is c(11)?
-36
Let o(a) = -9*a - 286. Calculate o(-30).
-16
Let x(k) = -7*k**3 - 3*k**2 - 16*k + 16. What is x(1)?
-10
Let x(p) = 2*p**2 + p - 820. What is x(20)?
0
Let w(m) = -45*m + 4709. What is w(105)?
-16
Let m(o) = 10*o**3 + 518*o**2 - 105*o - 68. What is m(-52)?
-16
Let a(w) = 539*w - 548. Calculate a(1).
-9
Let r(i) = -i**3 - 19*i**2 + 81. Determine r(-19).
81
Let b(o) = 24*o**2 + 1059*o + 142. Determine b(-44).
10
Let o(l) = 22*l**2 - 26*l - 126. What is o(-4)?
330
Let w(f) = -34*f**2 + 7*f - 9. Calculate w(2).
-131
Let n(b) = -3*b**2 - 48*b + 274. What is n(5)?
-41
Let v(d) = 692*d**2 - 3*d + 6. Determine v(-1).
701
Let x(f) = 151*f - 2162. What is x(20)?
858
Let d(s) = 2*s**3 + 21*s**2 - s - 52. Determine d(-7).
298
Let i(a) = -4*a**3 - 27*a**2 + 16*a - 14. What is i(-9)?
571
Let x(a) = 2*a**2 - 36*a + 139. Give x(6).
-5
Let b(v) = v**3 + 4*v**2 - 6*v - 11. Calculate b(-5).
-6
Let q(c) = c**3 + 47*c**2 - 152*c - 36. Determine q(-50).
64
Let u(g) = -g**2 + 11*g + 30. Give u(-7).
-96
Let l(m) = m**3 - 7*m**2 - 28*m + 13. What is l(10)?
33
Let g(w) = w**3 + 133*w**2 + 1339*w - 373. Give g(-122).
-7
Let i(m) = -14*m**2 + 288*m + 289. Determine i(-1).
-13
Let n(v) = -14*v**2 - 166*v + 10. What is n(-11)?
142
Let x(i) = i**2 + 54*i + 567. Give x(-45).
162
Let z(h) = -158*h - 2842. Calculate z(-18).
2
Let a(k) = -442*k - 858. Give a(-2).
26
Let c(x) = -x**2 - 94*x + 809. Determine c(8).
-7
Let h(q) = -173*q - 9688. Calculate h(-56).
0
Let r(o) = o**2 + 22*o - 246. Calculate r(8).
-6
Let g(y) = 10*y + 424. Determine g(-38).
44
Let s(q) = -207*q + 1824. Calculate s(9).
-39
Let g(h) = -2*h**2 + 410*h + 10481. What is g(-23)?
-7
Let i(p) = -p**2 - 39*p - 423. Determine i(-22).
-49
Let z(l) = -l**2 + 445*l + 1820. What is z(-4)?
24
Let k(o) = 13*o + 431. Give k(-34).
-11
Let d(z) = -21*z + 202. Give d(11).
-29
Let s(p) = -2*p**3 - 79*p**2 - 373*p + 25. Give s(-34).
-9
Let u(f) = f**3 - 4*f**2 - f + 583. Give u(0).
583
Let c(n) = 2175*n - 65246. Calculate c(30).
4
Let c(k) = 156*k - 1512. Calculate c(10).
48
Let s(u) = 37*u**2 + 41*u + 6. Determine s(-1).
2
Let b(x) = -3*x**2 - 557*x + 2269. Calculate b(4).
-7
Let x(d) = d**3 - 24*d**2 + 75*d + 46. Determine x(21).
298
Let i(z) = z**3 + 33*z**2 + 7*z + 250. What is i(-33)?
19
Let x(b) = 11*b**3 - 23*b**2 + 3*b - 5. What is x(3)?
94
Let i(r) = 14*r**2 + 10*r - 42. Determine i(4).
222
Let n(r) = 10*r**3 - 170*r**2 - 10*r + 180. Determine n(17).
10
Let u(b) = 5*b**2 + 355*b + 918. What is u(-68)?
-102
Let d(l) = -l**3 + 17*l**2 - 29*l - 59. Calculate d(14).
123
Let h(g) = 2*g**3 - 67*g**2 - 668*g - 33. What is h(-8)?
-1
Let u(t) = 64*t + 601. Give u(-14).
-295
Let d(b) = b**3 + 65*b**2 - 53*b + 868. Give d(-66).
10
Let z(c) = -c**3 + 9*c**2 - 10*c - 51. Give z(6).
-3
Let n(b) = 5*b**2 - b + 227. Determine n(0).
227
Let s(h) = 284*h - 641. Determine s(2).
-73
Let y(h) = 32*h**2 - 286*h - 7. Give y(8).
-247
Let d(h) = 588*h + 8941. Determine d(-15).
121
Let n(f) = -2*f**3 - 11*f**2 - 8*f - 7. What is n(-4)?
-23
Let u(p) = p**3 + 16*p**2 + 30*p + 231. Determine u(-15).
6
Let l(s) = 2*s**2 + 20*s - 26. What is l(-6)?
-74
Let g(x) = -45*x**2 - 13*x + 30. Give g(3).
-414
Let d(m) = -m**2 - 302*m - 5911. Calculate d(-21).
-10
Let m(b) = -2*b**3 + 33*b**2 + 14*b - 481. Calculate m(16).
-1
Let u(y) = -2*y**2 - 101*y - 931. Give u(-12).
-7
Let j(n) = 256*n + 2338. Calculate j(-9).
34
Let v(p) = -3*p**2 + 186*p + 334. Calculate v(64).
-50
Let b(p) = -23*p - 2625. Give b(-110).
-95
Let s(h) = h**3 - 49*h - 136. Calculate s(-3).
-16
Let m(a) = -a**3 + 142*a**2 + 390*a - 14701. Calculate m(144).
-13
Let d(g) = -2*g**2 + 25*g + 326. Give d(-9).
-61
Let g(h) = -h**3 - 13*h**2 + 9*h + 107. Give g(-13).
-10
Let d(f) = 48*f - 355. Calculate d(5).
-115
Let w(v) = -10*v**2 - 9*v + 21. Calculate w(3).
-96
Let s(j) = -3*j**2 + 247*j - 5032. Give s(45).
8
Let y(w) = 23*w + 146. Determine y(-6).
8
Let o(h) = 4*h**3 + h**2 + 5*h + 42. Give o(0).
42
Let a(x) = -x**3 + 28*x**2 - 38*x + 24. Determine a(27).
-273
Let a(c) = c**2 - 38*c - 887. Calculate a(-17).
48
Let j(m) = m**2 - 662*m - 14331. Determine j(-21).
12
Let n(p) = 6*p**2 + 22*p - 207. Determine n(6).
141
Let x(y) = -16*y**2 - 93*y - 51. What is x(-5)?
14
Let t(d) = -19*d**2 + 66*d - 11. Give t(3).
16
Let u(z) = -274*z - 1358. Determine u(-5).
12
Let y(r) = -79*r - 2810. Give y(-38).
192
Let n(x) = -x**3 - x**2 + 35*x - 32. Give n(0).
-32
Let k(x) = 45*x + 5838. Give k(-135).
-237
Let y(m) = 87*m + 156. Calculate y(-2).
-18
Let d(f) = -59*f + 188. Determine d(2).
70
Let a(c) = -1961*c - 51007. Calculate a(-26).
-21
Let w(f) = -4*f**3 - 179*f**2 + 231*f + 52. Calculate w(-46).
6
Let d(z) = 445*z + 2669. Give d(-6).
-1
Let o(k) = -k**2 + 825*k - 4901. Give o(6).
13
Let m(h) = -4*h - 104. Give m(15).
-164
Let m(k) = k**3 - 40*k**2 - 69*k + 908. Give m(41).
-240
Let i(v) = -v**3 + 32*v**2 + 66*v + 135. Determine i(34).
67
Let n(g) = -11*g**3 + 13*g**2 + 92*g - 106. Determine n(1).
-12
Let o(i) = -126*i + 12771. Determine o(102).
-81
Let k(l) = -40*l - 169. Give k(-4).
-9
Let n(j) = -j**3 + 60*j**2 + 199*j - 646. Determine n(63).
-16
Let y(b) = -5*b**2 + 1254*b - 2239. Give y(249).
2
Let w(r) = 13*r - 234. What is w(28)?
130
Let m(x) = -2*x**3 + 39*x**2 + 24*x - 90. Give m(20).
-10
Let g(a) = -3*a**3 + 53*a**2 + 14*a + 174. Calculate g(18).
102
Let n(v) = -3*v**2 - 24*v + 100. Give n(-11).
1
Let y(g) = g**2 + 511*g + 5541. Give y(-11).
41
Let a(l) = l**2 - 12*l - 423. Calculate a(-15).
-18
Let d(b) = 50*b - 977. Give d(19).
-27
Let h(l) = 9*l**2 - 17*l + 41. What is h(0)?
41
Let q(s) = -174*s**2 - 44*s - 44. Calculate q(-1).
-174
Let y(q) = q**3 - 23*q**2 + 32*q - 230. Give y(22).
-10
Let f(t) = -t**3 + 31*t**2 - 239*t + 5243. Calculate f(29).
-6
Let t(n) = 12*n - 568. Calculate t(56).
104
Let q(g) = -17*g + 366. What is q(0)?
366
Let t(y) = -4*y**2 - 3*y + 18. Give t(6).
-144
Let d(l) = l**2 - 254*l + 3359. Calculate d(14).
-1
Let l(d) = 10*d**2 + 391*d + 56. Give l(-39).
17
Let b(k) = 83*k - 7558. Calculate b(91).
-5
Let k(o) = -13*o**3 - 6*o**2 + 95*o + 97. Determine k(-1).
9
Let y(z) = -z**3 + 74*z**2 + 76*z + 28. What is y(75)?
103
Let r(b) = -3*b**2 - 12*b - 75. Give r(-6).
-111
Let j(z) = 53*z**2 + 26*z - 54. Calculate j(2).
210
Let k(f) = 72*f + 147. Calculate k(-2).
3
Let j(p) = -p**3 + 44*p**2 + 144*p - 101. Calculate j(47).
40
Let q(g) = -3*g**2 - 69*g - 56. What is q(-21)?
70
Let f(x) = -11*x**2 + 188*x + 919. Determine f(-4).
-9
Let l(r) = 325*r + 7161. Give l(-22).
11
Let t(x) = -80*x - 102. Calculate t(-1).
-22
Let h(i) = -2*i + 90. Determine h(8).
74
Let f(j) = -j**3 + 17*j - 222. Determine f(0).
-222
Let n(i) = -399*i - 2372. Determine n(-6).
22
Let g(c) = 616*c - 3243. Give g(5).
-163
Let u(r) = 2*r**3 + 118*r**2 + 1057*r + 49. Determine u(-48).
1
Let g(s) = -3*s**2 + 84*s - 17. Determine g(28).
-17
Let l(o) = -12*o + 373. Determine l(33).
-23
Let j(l) = l**2 + 7*l - 44. Give j(5).
16
Let w(s) = 36*s - 2120. Give w(60).
40
Let y(k) = -7*k**2 - 17*k + 17. Determine y(1).
-7
Let v(f) = 107*f - 3692. Calculate v(36).
160
Let h(b) = b**3 - 157*b**2 + 5915*b + 443. Determine h(63).
2
Let d(y) = 55*y**3 + 1594*y**2 - 28*y + 6. What is d(-29)?
-23
Let l(p) = p**2 - 8*p - 770. Give l(34).
114
Let t(x) = -x**2 - 146*x - 1470. Calculate t(-11).
15
Let w(b) = -b**3 + 4*b**2 + 222*b - 11. Determine w(-13).
-24
Let l(g) = 2*g**2 + 115*g - 219. Calculate l(-59).
-42
Let x(m) = -722*m + 2840. Calculate x(4).
-48
Let c(j) = -181*j - 1449. Give c(-8).
-1
Let b(d) = -216*d - 138. Calculate b(0).
-138
Let a(y) = y**3 - 5*y**2 - 81*y + 490. Determine a(7).
21
Let u(k) = k**2 - 65*k + 636. Give u(12).
0
Let o(y) = 31*y - 156. What is o(8)?
92
Let k(x) = -x**3 + 14*x**2 - 21*x + 10. Calculate k(8).
226
Let k(t) = 2*t**3 + 32*t**2 + 112*t + 17. Calculate k(-10).
97
Let f(o) = 9*o - 420. Give f(14).
-294
Let v(s) = 20*s - 16. Calculate v(1).
4
Let o(t) = -5*t**2 - 3*t - 66. Calculate o(0).
-66
Let j(k) = -k**3 - 7*k**2 - 19*k - 2. Calculate j(-8).
214
Let w(g) = -3*g**3 - 16*g**2 - 29*g - 444. Calculate w(-7).
4
Let f(r) = -2*r**3 - 2*r**2 - 7*r + 7. Give f(4).